ighest common divisor of 42 and 959?
7
Calculate the highest common divisor of 80 and 130.
10
What is the highest common factor of 26 and 117?
13
Calculate the highest common divisor of 54 and 702.
54
What is the greatest common factor of 23275 and 49?
49
What is the highest common divisor of 195 and 120?
15
Calculate the highest common divisor of 1595 and 15080.
145
Calculate the highest common factor of 54 and 1161.
27
What is the highest common factor of 47 and 1457?
47
Calculate the highest common divisor of 559 and 117.
13
Calculate the greatest common divisor of 203 and 29.
29
Calculate the highest common factor of 180 and 8100.
180
What is the highest common factor of 16 and 19472?
16
What is the greatest common divisor of 113 and 33900?
113
What is the highest common divisor of 221 and 1037?
17
Calculate the highest common divisor of 9 and 6.
3
What is the greatest common factor of 945 and 81?
27
What is the greatest common factor of 108 and 12?
12
What is the greatest common divisor of 11 and 23683?
11
What is the highest common factor of 88 and 132?
44
What is the greatest common divisor of 517 and 141?
47
What is the highest common factor of 54 and 126?
18
What is the highest common divisor of 74 and 6068?
74
Calculate the highest common divisor of 720 and 320.
80
What is the highest common factor of 21 and 57?
3
Calculate the highest common divisor of 77 and 462.
77
What is the greatest common divisor of 15 and 45?
15
Calculate the highest common divisor of 56 and 434.
14
Calculate the greatest common factor of 12 and 30.
6
What is the greatest common divisor of 779 and 82?
41
Calculate the greatest common divisor of 87 and 2378.
29
What is the highest common factor of 21152 and 32?
32
Calculate the greatest common factor of 37553 and 17.
17
What is the greatest common divisor of 209 and 33?
11
What is the greatest common divisor of 776 and 8?
8
Calculate the greatest common factor of 29 and 5423.
29
Calculate the highest common factor of 4968 and 1728.
216
What is the greatest common divisor of 1199 and 176?
11
What is the highest common divisor of 59867 and 131?
131
What is the greatest common divisor of 1170 and 182?
26
Calculate the highest common factor of 1364 and 88.
44
What is the highest common divisor of 66 and 420?
6
Calculate the highest common factor of 6 and 33.
3
Calculate the greatest common divisor of 22227 and 279.
93
What is the greatest common factor of 47 and 47?
47
What is the highest common divisor of 612 and 1700?
68
Calculate the highest common divisor of 55 and 38005.
55
What is the highest common divisor of 35 and 413?
7
Calculate the greatest common divisor of 25290 and 135.
45
Calculate the greatest common factor of 660 and 12.
12
What is the highest common divisor of 1023 and 279?
93
Calculate the highest common divisor of 20 and 31540.
20
What is the greatest common factor of 1334 and 232?
58
Calculate the greatest common divisor of 360 and 252.
36
What is the greatest common factor of 37828 and 196?
196
What is the highest common divisor of 99 and 264?
33
What is the greatest common factor of 6286 and 14?
14
Calculate the greatest common divisor of 704 and 165.
11
What is the highest common divisor of 832 and 352?
32
What is the highest common divisor of 1363 and 29?
29
What is the highest common factor of 488 and 8?
8
What is the greatest common factor of 256 and 1216?
64
What is the greatest common divisor of 15 and 129?
3
What is the greatest common factor of 1472 and 256?
64
Calculate the highest common divisor of 50 and 10.
10
Calculate the highest common divisor of 87 and 48.
3
What is the greatest common factor of 117 and 13?
13
Calculate the highest common divisor of 160 and 80.
80
Calculate the greatest common divisor of 128 and 96.
32
What is the greatest common factor of 481 and 1?
1
What is the greatest common factor of 2001 and 759?
69
What is the highest common factor of 11 and 21373?
11
Calculate the highest common divisor of 1494 and 18.
18
Calculate the greatest common factor of 10471 and 74.
37
What is the greatest common divisor of 6 and 18?
6
Calculate the highest common factor of 78 and 6.
6
What is the highest common factor of 204 and 3072?
12
What is the greatest common factor of 424 and 3339?
53
What is the greatest common factor of 15 and 535?
5
Calculate the highest common factor of 95 and 30495.
95
Calculate the highest common divisor of 3427 and 69.
23
Calculate the greatest common divisor of 182 and 686.
14
Calculate the greatest common divisor of 3 and 5637.
3
Calculate the greatest common divisor of 366 and 6466.
122
What is the greatest common factor of 28 and 1414?
14
What is the greatest common factor of 459 and 54?
27
Calculate the greatest common divisor of 88 and 56.
8
What is the greatest common divisor of 3 and 141?
3
What is the greatest common factor of 144 and 156?
12
What is the highest common divisor of 120 and 870?
30
Calculate the highest common factor of 14 and 182.
14
What is the greatest common factor of 14 and 469?
7
Calculate the greatest common factor of 120 and 2520.
120
What is the greatest common divisor of 28 and 20?
4
Calculate the highest common divisor of 18 and 96.
6
What is the highest common factor of 48 and 1936?
16
Calculate the greatest common divisor of 288 and 324.
36
What is the greatest common factor of 1390 and 20?
10
What is the highest common factor of 3 and 398?
1
Calculate the highest common divisor of 258 and 9.
3
Calculate the highest common factor of 80 and 1648.
16
Calculate the highest common divisor of 45 and 21537.
9
Calculate the highest common divisor of 6549 and 333.
111
What is the greatest common divisor of 48 and 312?
24
What is the highest common divisor of 856 and 107?
107
Calculate the greatest common divisor of 3328 and 260.
52
What is the highest common divisor of 12 and 3894?
6
What is the greatest common divisor of 24 and 808?
8
Calculate the highest common divisor of 2583 and 189.
63
Calculate the highest common factor of 410 and 40.
10
What is the greatest common factor of 1034 and 22?
22
Calculate the highest common divisor of 76 and 8.
4
Calculate the greatest common divisor of 740 and 20.
20
What is the greatest common factor of 990 and 110?
110
Calculate the greatest common divisor of 28092 and 24.
12
Calculate the highest common factor of 11 and 44.
11
What is the highest common factor of 28 and 1148?
28
Calculate the greatest common divisor of 4685 and 5.
5
What is the highest common factor of 1751 and 17?
17
Calculate the highest common factor of 237 and 9.
3
What is the highest common factor of 1970 and 10?
10
What is the highest common factor of 40 and 160?
40
What is the greatest common divisor of 75 and 1025?
25
Calculate the highest common divisor of 258 and 66.
6
What is the greatest common factor of 102 and 570?
6
What is the greatest common factor of 1691 and 534?
89
Calculate the highest common factor of 936 and 28548.
468
Calculate the greatest common divisor of 132 and 4686.
66
Calculate the highest common factor of 72 and 162.
18
What is the highest common factor of 481 and 10249?
37
What is the highest common divisor of 9 and 99?
9
What is the greatest common factor of 6 and 93?
3
Calculate the highest common divisor of 74 and 592.
74
Calculate the greatest common divisor of 28375 and 454.
227
Calculate the greatest common factor of 39832 and 312.
104
Calculate the highest common factor of 1660 and 500.
20
Calculate the greatest common divisor of 475 and 1520.
95
Calculate the greatest common factor of 27 and 4005.
9
What is the highest common factor of 3 and 66?
3
What is the highest common divisor of 765 and 51?
51
Calculate the greatest common divisor of 249 and 332.
83
Calculate the highest common factor of 12690 and 162.
54
What is the greatest common divisor of 714 and 546?
42
Calculate the greatest common factor of 1 and 243.
1
Calculate the highest common divisor of 810 and 6.
6
What is the highest common divisor of 62 and 1705?
31
What is the highest common divisor of 660 and 135?
15
Calculate the highest common divisor of 248 and 128.
8
What is the greatest common factor of 4851 and 315?
63
What is the highest common factor of 285 and 6080?
95
What is the highest common d